 (-2)/5*(-4 - 229 - -8) is divided by v.
21
Suppose -3*q + 4*g + 256 = 0, -2*q + 0*g - g = -189. Suppose -5*o = 9*o + 181 - 909. What is the remainder when q is divided by o?
40
Suppose -p + 7 = -2*b, p + 22 = 5*p - 2*b. Calculate the remainder when (-7)/(35/(-1515)) - p is divided by 75.
73
Let x(u) = 1761*u - 91. What is the remainder when x(1) is divided by 281?
265
Suppose 0 = u - 4 + 7. Suppose -4*y + 5*s = -37, -3*s = -2*y + y + 4. Let n = y + u. What is the remainder when 18 is divided by n?
8
Suppose -13744 = -417*p + 2519. What is the remainder when 2/5 + (-1516)/(-10) is divided by p?
35
Suppose -3*v - v = -88. Suppose 5*k = 2*z + 21 + 22, 5*z + 41 = 3*k. Let h(y) = -2*y + 22. What is the remainder when v is divided by h(k)?
6
Let q = -187 + 374. Let d = q - 35. Suppose -7 = -2*p + 1, -2*l = -p - d. Calculate the remainder when l is divided by 20.
18
Suppose -5*y = -5*v + 40, y + y = -2*v - 4. Let d(r) = r - 6. Let f = 46 + -19. Calculate the remainder when d(f) is divided by v.
0
Let p = -4905 + 5002. What is the remainder when p is divided by 18?
7
Let o(q) = 2*q**2 - 122*q + 1876. Suppose -z = c - 42, -5*z - c + 295 - 105 = 0. What is the remainder when o(37) is divided by z?
26
Let v be (-1 - -5)/(-5 + (-115)/(-25)). Let k(g) = 2*g + 12. Let s be k(v). Let b(d) = d**2 + 8. What is the remainder when b(s) is divided by 19?
15
Let h = -282 + 282. Suppose -5*l + h*i = -3*i - 384, 5*l = -5*i + 360. What is the remainder when l is divided by 26?
23
Let j(g) = g + 15. Let m be j(-3). Let f = 24 + m. Calculate the remainder when 136 is divided by f.
28
Let y = -17489 + 18545. Calculate the remainder when y is divided by 320.
96
Let c be (-29)/(-3*1/3) + -4. Suppose -v = -c + 2. Calculate the remainder when 108 is divided by v.
16
Suppose -390 = -5*p + 3*h, -4*h = -19 - 1. Suppose -3*c + p = -114. Calculate the remainder when c is divided by 6.
5
What is the remainder when 8/(-92) + 6 + 26334/253 is divided by 40?
30
Let f = -3068 - -3079. What is the remainder when 3533 is divided by f?
2
Suppose -4*g + 8*g = 12. Suppose 0 = -4*u + 12, -2*u + 8 = g*y - 16. Calculate the remainder when 89 is divided by y.
5
Suppose -5*h + 10 = 0, -2*h = 3*j - 148 - 228. Calculate the remainder when 554 is divided by j.
58
Suppose 0 = -4*f - 2*t - 942, -2*f - 3*f = -t + 1174. Let l = 247 + f. Calculate the remainder when (-5)/4*1*-16 is divided by l.
8
Let i = 8958 - 8684. Calculate the remainder when i is divided by 199.
75
Let r = 32 - 6. Let m be ((-15)/(-10) + -4)/((-5)/4). Suppose -229 = -5*o - 3*d, -m = -d - 4. What is the remainder when o is divided by r?
21
Let u(a) = a**2 + 5*a + 3. Let k be u(-6). Suppose -k = -f + 1. Suppose -f*x = -59 - 41. Calculate the remainder when 39 is divided by x.
9
Suppose -4*q - 16 = -172. Let x = -76 - -189. Let u = x + 39. Calculate the remainder when u is divided by q.
35
Let i be (2*3)/(78/585). Let a = i + -28. Let t(f) = f**3 + 5*f**2 - 7*f - 11. What is the remainder when t(-5) is divided by a?
7
Let z = 6899 - 6885. Calculate the remainder when 883 is divided by z.
1
Let n = -43784 + 45856. What is the remainder when n is divided by 174?
158
Suppose 11*n - 7*n = -428. Let v = -107 - n. Suppose v*a + 20 = 2*a. Calculate the remainder when 19 is divided by a.
9
Suppose -3*a = -4*c + 38, -4*c + 2*a = -2 - 34. Calculate the remainder when 1378/117 + 2/9 is divided by c.
4
Let s = 26 + -18. Suppose -467 - 57 = -3*l - 2*h, 4*h = 4. Calculate the remainder when l is divided by s.
6
Suppose 2*s - 3021 = -4*d + 747, -5*d - s = -4704. What is the remainder when d is divided by 34?
22
Calculate the remainder when 226 is divided by (576/(-36))/(0 - 1).
2
Let p = 72 - 77. Suppose 5*o = 0, -2*n = 3*o - 8*o - 46. Let b = n + p. What is the remainder when 32 is divided by b?
14
Let j = 13 - 8. Let w = 21046 - 21034. What is the remainder when w is divided by j?
2
Let d = -44 - -46. What is the remainder when d*-3*320/(-24) is divided by 22?
14
Suppose -11*j = -196*j + 83990. What is the remainder when 456 is divided by j?
2
Suppose 1755 + 317 = 8*q. Suppose 2*r + q = 285. What is the remainder when 25 is divided by r?
12
Let j(p) = -p**2 - 8*p + 2. Suppose -34*i + 7 = -33*i. Suppose i*r = -r + 176. What is the remainder when r is divided by j(-7)?
4
Suppose -289*b - 288 = -305*b + 3072. Let m(a) = -a**2 + 11*a + 6. Calculate the remainder when b is divided by m(6).
30
What is the remainder when (1 - -2052)/(17 + (-4 - 12)) is divided by 15?
13
Let j(c) = -1337*c + 19. Suppose 160 = 5*v - v. Suppose 40 = 4*r + 3*l, 4*r - v = -0*r - l. Calculate the remainder when j(0) is divided by r.
9
Let n(a) = -25*a + 181. Let z be n(7). Let l(y) = -y**3 + 8*y**2 - 9*y - 3. Calculate the remainder when 119 is divided by l(z).
14
Suppose 125 = -52*y + 60*y - 115. Calculate the remainder when 119 is divided by y.
29
Suppose 0 = -6*m + 3*m + 207. Calculate the remainder when (-3)/(((((-156)/(-18))/13)/1)/(-122)) is divided by m.
66
Suppose 5*f + 2*a - 395 = 0, 4*a - 2 = 18. Let v = -36188 - -36196. Calculate the remainder when f is divided by v.
5
Let p = 3 + 15. Suppose 5*z + z = -p. What is the remainder when ((-5)/15)/(z/423) is divided by 7?
5
Suppose -36 = -x + 4*v, -3*x + 28 + 10 = 2*v. Let f(t) = 13*t**2 + 6*t - 10. Let w = 132 - 129. Calculate the remainder when f(w) is divided by x.
13
Let n = 16 + -1. Suppose -3*k = 3*s + 219, -s = -3*s + k - 152. What is the remainder when n is divided by s/(-9) - (-16)/24?
6
Suppose -127*b - 51*b + 1880 = 10*b. Calculate the remainder when 798 is divided by b.
8
Let l(z) = -z**3 + 15*z**2 - 5*z - 19. Let s be l(16). Let o = s - -367. Calculate the remainder when (1 - -5)/((-5)/(-25)) is divided by o.
6
Let y(r) = -91*r + 1632. Calculate the remainder when y(0) is divided by 5.
2
Let o(h) = 6*h**2 + 4*h - 4. Let q = -21 - -23. Suppose -y - v = 4*y - 547, -4 = -q*v. What is the remainder when y is divided by o(2)?
25
Let x = 6 + 58. Suppose -i = i + x. What is the remainder when 146 is divided by 12/(-2) + 4 - i?
26
Let t(j) = 4*j**2 + 3*j - 1. Suppose 14 = 4*g + d + 2*d, -4*g = 2*d - 12. Let h = 25867 - 25787. What is the remainder when h is divided by t(g)?
17
Let f(q) = 464*q**2 + 119*q + 353. Calculate the remainder when f(-3) is divided by 693.
14
Let l(x) = 42*x - 33. Let f(k) = 2*k + 3. Let c(q) = 2*f(q) + l(q). What is the remainder when 205 is divided by c(2)?
10
Let h be (-27)/6 + 2/(-4). Let f = 127 - 110. Let o = f - h. What is the remainder when o is divided by 8?
6
Let x(v) be the first derivative of -v**2/2 + 4*v + 15. Calculate the remainder when 112 is divided by x(-9).
8
What is the remainder when 696 is divided by (-11 - 170/(-20))*(-186)/15?
14
Let q(u) = -3*u**3 - u**2 + 5*u + 5. Let j be q(-2). Let a = j - 6. Let y = -2868 + 2939. Calculate the remainder when y is divided by a.
8
What is the remainder when 563 is divided by 23/(1725/25) + 188/3?
59
Let l be ((-165)/10)/(-11) + 186/(-4). Let k = 50 + l. What is the remainder when 13 is divided by k?
3
Let b(x) be the first derivative of -x**3/3 + 3*x**2/2 + 25*x - 9. What is the remainder when (-10)/(-4)*(-368)/(-20) is divided by b(0)?
21
Suppose -117*a - 124 + 11122 = 0. Calculate the remainder when 347 is divided by a.
65
Suppose -30*o + 29*o = 5*n - 328, 2*n = 4*o + 118. Calculate the remainder when n is divided by -1 + 3 - (-3 + -14).
8
Suppose 5*d + 4*n - 10103 = 0, 10*d = 7*d - 4*n + 6065. What is the remainder when d is divided by 56?
3
Let n(x) = x**3 + 45*x**2 - 141*x + 170. What is the remainder when 2308 is divided by n(-48)?
20
Let a = 8074 - 7954. Calculate the remainder when a is divided by 3.
0
Suppose 0 = -7*k + 48 - 13. Suppose -2*w - 4*x + 32 = x, -5*x - 115 = -k*w. What is the remainder when w is divided by 3?
0
Let g(s) = 54*s + 238. Let b be g(-9). Let f = -5 - b. What is the remainder when f is divided by 50?
43
Suppose 278 = 5*g - 4*g. Suppose 5*s - 270 = 5*y, s - 84*y + 80*y = 48. Calculate the remainder when g is divided by s.
54
Let k be -5*4/(-5) + 0. Suppose -k*z = 3*d - 0*z - 275, -430 = -5*d - z. What is the remainder when d is divided by 1 + (2 + -1 - -9)?
8
Suppose 23 = -o - 9. Let v = -4 - o. What is the remainder when -10*((-1)/3)/(6/99) is divided by v?
27
Let m be 1/((1/1*1)/(-5)). Let 